2 + 7*f**2. What is the remainder when p(2) is divided by 13?
11
Suppose -g + 19 - 15 = 0. Calculate the remainder when 26 is divided by g.
2
Let b(i) = 21*i**2 + 2*i - 1. What is the remainder when -12*2/3*-8 is divided by b(1)?
20
What is the remainder when (-2*(-6)/15)/(10/425) is divided by 18?
16
Suppose -4*c + 11 + 13 = 0. What is the remainder when c is divided by (-1 + 4)*8/6?
2
What is the remainder when 1593/36 - (-2)/(-8) is divided by 9?
8
Suppose 6 = 2*z - 2, 0 = -4*t - 4*z + 12. Let o be 1*(1 + -2)*1. Calculate the remainder when 26 is divided by o*t/3*42.
12
Let j(b) = 10 + 19*b - 7*b - 10*b. Calculate the remainder when (0 - -1)/((-2)/(-54)) is divided by j(0).
7
Let f = -7 + 7. Let x(v) = -v**2 - v + 13. Calculate the remainder when 51 is divided by x(f).
12
Let j(f) = -f - 3. Let v be j(-3). Suppose -4*c + 84 = -2*l, c + v*c + 3*l - 21 = 0. Calculate the remainder when 60 is divided by c.
18
Suppose 3*i + 29 = 104. What is the remainder when i is divided by 1/(166/(-28) - -6)?
11
Let a(q) = -q**3 + 11*q**2 + 13*q - 11. What is the remainder when 2 is divided by a(12)?
0
Let t = 36 - 25. Let m = -5 + 10. Suppose r + 91 = 3*p, 5*r + 55 = m*p - 80. Calculate the remainder when p is divided by t.
10
What is the remainder when (-7)/(14/(-8)) + 42 is divided by 16?
14
Let u(r) be the first derivative of r**2/2 + 8*r - 2. Calculate the remainder when u(-6) is divided by 1.
0
Let h(y) = 4*y + 1. Let q be h(1). Suppose -4*z + 63 = -q*p - 0*z, p = -5*z - 1. Let b = -2 - p. Calculate the remainder when 16 is divided by b.
7
Suppose 0 = -5*o - 3*b - 0*b + 111, -5*b + 57 = 3*o. Let y be (o/10)/((-11)/55). Let m(j) = -j**2 - 12*j + 13. What is the remainder when 24 is divided by m(y)?
11
Suppose 3*r + 3*c - 205 = 50, -r - 4*c = -82. What is the remainder when r is divided by 13?
8
Let r = -38 + 61. What is the remainder when 91 is divided by r?
22
Let r = 0 + 37. What is the remainder when r is divided by 14?
9
Let c = 29 + -7. Suppose 3*r - 29 = 13. Let h = r - -29. What is the remainder when h is divided by c?
21
Let z = 9 + -5. What is the remainder when 17 is divided by (-18)/z*(-4)/2?
8
Suppose -5*x + 2*p + 103 = 0, 0 = x - p - 4*p - 16. What is the remainder when 102 is divided by x?
18
Let g be 19 - (-2 + 4)*-2. Suppose 0 = -0*i + 2*i, k - i - g = 0. What is the remainder when 91 is divided by k?
22
Let w = 12 - 8. Let z(p) = 2*p - 4. Let i be z(w). Suppose 0*a = y - 5*a - 6, -i*a = -y + 6. Calculate the remainder when y is divided by 4.
2
What is the remainder when (-1)/1 + (1 - -71) is divided by 27?
17
Suppose s = -0*h - 2*h + 10, -2*s + 5*h = 16. Calculate the remainder when 47 is divided by s/(((-10)/16)/(-5)).
15
Let b = -33 + 54. Let x = 28 + -16. Calculate the remainder when b is divided by x.
9
Suppose -4*w + 3*w = -120. What is the remainder when w is divided by 31?
27
Let u = 0 + 3. Suppose x - u = -2. Calculate the remainder when (-24)/16 + (2 - 3/(-2)) is divided by x.
0
Suppose -19 = o + 36. Let s = -32 - o. Calculate the remainder when s is divided by (-5 - -1)*-3 + 0.
11
Suppose h = 2*c + 13, -5*h - c + 65 = c. Let t = -12 - -63. What is the remainder when t is divided by h?
12
Let c(y) = -13*y - 1. Let k be c(-2). Let u = -12 + k. What is the remainder when 38 is divided by u?
12
Suppose -l = -2 + 8. Let n = -38 - -48. Calculate the remainder when (-100)/l + (-2)/(-6) is divided by n.
7
Suppose -6*j + 2 = 80. Let x = j + 25. Calculate the remainder when 34 is divided by x.
10
Calculate the remainder when 22 is divided by 141/12 - 3/(-12).
10
Suppose 2 + 13 = 5*q. Suppose 12 = 5*h - 4*w, 16 - 38 = -q*h - 5*w. Suppose -8 = 4*g, 2*s - 3*g = -s + 15. Calculate the remainder when h is divided by s.
1
Let r(y) = -y**3 - y**2 - 3. Calculate the remainder when r(-4) is divided by 17.
11
Suppose r = s + 31, -65 = -0*r - 2*r + 3*s. Calculate the remainder when r is divided by 15.
13
Let m(t) = -23*t**3 + 3*t + 3. Let z be m(-2). Suppose -4*v + z - 53 = 0. Calculate the remainder when v is divided by 11.
10
Suppose 0 = -5*p + 3*p + 2. What is the remainder when 50 is divided by p*(-1)/2*-36?
14
Let n(z) = -3*z - 2. Suppose 2 = d - 0, -3*u - 2*d = -10. Calculate the remainder when n(-2) is divided by u.
0
Let i(c) = 7*c**2 + c + 1. Suppose 1 = -a + 8. Suppose -p - a*j + 14 = -3*j, 4*p - 4*j + 4 = 0. Calculate the remainder when i(p) is divided by 16.
15
Suppose 0*r = 2*r - 68. Suppose -4*a + 13 = -s - 37, -5*a = 2*s - 56. What is the remainder when r is divided by a?
10
Let s be 0 + 0 - (7 + 148). What is the remainder when (-3)/3 - s/5 is divided by 8?
6
Suppose 8 + 2 = 2*g. Suppose 7*c = 4*c + 42. What is the remainder when c is divided by g?
4
Let w(n) = 10*n**2 - n - 1. Let v = 4 - 2. Suppose 0*a + 19 = a - 2*g, a - 16 = g. Calculate the remainder when w(v) is divided by a.
11
Let o(f) = f**2 + 6*f + 3. Let i be o(-7). Let r be i*2*(-1)/4. Calculate the remainder when 32 is divided by (-87)/r - 2/5.
15
Suppose 0*d = 2*d - 6. Suppose -w - 5*o - 12 = 0, -4*w + 50 = w + d*o. Calculate the remainder when 51 is divided by w.
12
Suppose -2*g = 31 - 1. Calculate the remainder when 29 is divided by (g*4/2)/(-2).
14
Suppose h - 3 = 5*m, 3*m - 3 = 2*h - 2. What is the remainder when 26 - (3 - (h - -5)) is divided by 14?
12
Calculate the remainder when 3/(-6) - 105/(-6) is divided by 5.
2
Suppose 5*y = -3*q - 10 - 4, 5*q = -y + 6. Suppose -244 = -3*d + 5*p, -q*p - 2*p = 5*d - 382. What is the remainder when d is divided by 27?
24
Let r(p) = -3 - 6*p**2 - 7*p + 3*p**2 + 2*p**2 + 13. Let v be r(-9). What is the remainder when v/28 + 172/14 is divided by 7?
5
Let v(f) = 6 - 2*f - 3 - f**2 - f + 12*f. Calculate the remainder when 32 is divided by v(8).
10
Suppose 3*s = 4*k + 5*s - 18, 9 = -k - 5*s. What is the remainder when 31 is divided by k?
1
Let b(w) = -w**3 - 4*w**2 + 5. Let p be b(-4). Suppose -2*t = p + 7. Calculate the remainder when 26 is divided by (t/10)/(2/(-30)).
8
Let c(h) = h**2 - 10*h + 5. Suppose g - 19 = 5*b, -g + 5*b = -5*g + 26. Let d be c(g). Let v(n) = -10*n + 3. What is the remainder when v(d) is divided by 22?
21
Let o = 24 + -5. Calculate the remainder when o is divided by 4.
3
Suppose 3*h = -4*p + 70, 8 + 24 = h - 3*p. Suppose 3*g + g = 28. What is the remainder when h is divided by g?
5
Let u = -45 - -77. Suppose 9 = -a - 0*a - 5*w, 5*a - 35 = -5*w. Calculate the remainder when u is divided by a.
10
Let o(y) be the first derivative of y**3/3 - y**2/2 - 2*y - 3. Suppose -3*u + 13 - 1 = 0. What is the remainder when 18 is divided by o(u)?
8
Let o(t) = -t**2 - 6*t - 5. What is the remainder when 14 is divided by o(-4)?
2
Let f(w) = -w**2 + 8*w + 5. Suppose -11 = -z + g - 3, 2*g = -2*z + 12. What is the remainder when f(z) is divided by 4?
0
Let o be (-3)/(-2)*246/9. Suppose -3*w + o = 2. Let m = 17 + 20. Calculate the remainder when m is divided by w.
11
What is the remainder when (-32)/(-4 - -3) - -3 is divided by 12?
11
Suppose 6*i + 5*h = 2*i + 56, 4*h = 16. Suppose 0 = 2*p - 19 + 13. Calculate the remainder when i is divided by p.
0
Suppose 11 = -5*y + 46. Calculate the remainder when 27 is divided by y.
6
Let d(h) = h**3 + 5*h**2 + h + 1. Suppose -3*y + 12 = -0*y. Let g = y - -3. Calculate the remainder when d(-2) is divided by g.
4
Suppose -21 = -i + 5*z, -z + 2 = -3*z. Calculate the remainder when 46 is divided by i.
14
Let w be ((-26)/2)/(6/18). Let p(i) = i**3 - i**2 - i - 4. What is the remainder when p(4) is divided by 364/w*6/(-4)?
12
Let r = 2 + -1. What is the remainder when (0 - r)*-2 - -3 is divided by 3?
2
Suppose 3*j = -5*a + 353 - 68, -165 = -3*a - 3*j. Suppose 0 = -v - 4*v + a. What is the remainder when 33 is divided by v?
9
Let k = 25 - 10. Let r be ((-6)/9)/((-1)/3). Suppose 56 = 4*p - r*p. Calculate the remainder when p is divided by k.
13
Let d be 1*(5 + -3) + 18. Suppose 0*g - d = -5*g. Suppose j - 75 = -g*y, 0 = 5*y + j - 61 - 33. Calculate the remainder when y is divided by 7.
5
Suppose 58 = 5*r - 2*m, -2*r + 27 = -3*m + 6. What is the remainder when (2 - (0 + 48))*-1 is divided by r?
10
Let g(x) = -4*x + 8. What is the remainder when g(-3) is divided by 7?
6
Let s = 40 - 10. Calculate the remainder when s is divided by 19.
11
Suppose -48 = -2*f + 6. Calculate the remainder when f 